{"id":564,"date":"2018-06-03T09:20:15","date_gmt":"2018-06-03T09:20:15","guid":{"rendered":"http:\/\/normcore.mome.hu\/site\/a-kiallitas-copy\/"},"modified":"2020-07-04T15:29:58","modified_gmt":"2020-07-04T15:29:58","slug":"about-the-exhibition","status":"publish","type":"page","link":"https:\/\/normcore.mome.hu\/site\/about-the-exhibition\/","title":{"rendered":"About the exhibition"},"content":{"rendered":"\t\t<div data-elementor-type=\"wp-post\" data-elementor-id=\"564\" class=\"elementor elementor-564\">\n\t\t\t\t\t\t<section class=\"elementor-section elementor-top-section elementor-element elementor-element-63970b0 elementor-section-boxed elementor-section-height-default elementor-section-height-default\" data-id=\"63970b0\" data-element_type=\"section\">\n\t\t\t\t\t\t<div class=\"elementor-container elementor-column-gap-default\">\n\t\t\t\t\t<div class=\"elementor-column elementor-col-100 elementor-top-column elementor-element elementor-element-3d53e03\" data-id=\"3d53e03\" data-element_type=\"column\">\n\t\t\t<div class=\"elementor-widget-wrap elementor-element-populated\">\n\t\t\t\t\t\t<div class=\"elementor-element elementor-element-5a40c40 elementor-arrows-position-inside elementor-pagination-position-outside elementor-widget elementor-widget-image-carousel\" data-id=\"5a40c40\" data-element_type=\"widget\" data-settings=\"{&quot;slides_to_show&quot;:&quot;4&quot;,&quot;slides_to_scroll&quot;:&quot;1&quot;,&quot;slides_to_show_tablet&quot;:&quot;3&quot;,&quot;slides_to_show_mobile&quot;:&quot;2&quot;,&quot;navigation&quot;:&quot;both&quot;,&quot;autoplay&quot;:&quot;yes&quot;,&quot;pause_on_hover&quot;:&quot;yes&quot;,&quot;pause_on_interaction&quot;:&quot;yes&quot;,&quot;autoplay_speed&quot;:5000,&quot;infinite&quot;:&quot;yes&quot;,&quot;speed&quot;:500}\" data-widget_type=\"image-carousel.default\">\n\t\t\t\t<div class=\"elementor-widget-container\">\n\t\t\t\t\t<div class=\"elementor-image-carousel-wrapper swiper\" dir=\"ltr\">\n\t\t\t<div class=\"elementor-image-carousel swiper-wrapper\" aria-live=\"off\">\n\t\t\t\t\t\t\t\t<div class=\"swiper-slide\" role=\"group\" aria-roledescription=\"slide\" aria-label=\"1 of 5\"><a data-elementor-open-lightbox=\"yes\" data-elementor-lightbox-slideshow=\"5a40c40\" data-elementor-lightbox-title=\"20170215_normcore_luca_1_1280px_opt\" data-e-action-hash=\"#elementor-action%3Aaction%3Dlightbox%26settings%3DeyJpZCI6OTE4LCJ1cmwiOiJodHRwczpcL1wvbm9ybWNvcmUubW9tZS5odVwvc2l0ZVwvd3AtY29udGVudFwvdXBsb2Fkc1wvMjAxOVwvMDFcLzIwMTcwMjE1X25vcm1jb3JlX2x1Y2FfMV8xMjgwcHhfb3B0LmpwZyIsInNsaWRlc2hvdyI6IjVhNDBjNDAifQ%3D%3D\" href=\"https:\/\/normcore.mome.hu\/site\/wp-content\/uploads\/2019\/01\/20170215_normcore_luca_1_1280px_opt.jpg\"><figure class=\"swiper-slide-inner\"><img decoding=\"async\" class=\"swiper-slide-image\" src=\"https:\/\/normcore.mome.hu\/site\/wp-content\/uploads\/2019\/01\/20170215_normcore_luca_1_1280px_opt.jpg\" alt=\"20170215_normcore_luca_1_1280px_opt\" \/><\/figure><\/a><\/div><div class=\"swiper-slide\" role=\"group\" aria-roledescription=\"slide\" aria-label=\"2 of 5\"><a data-elementor-open-lightbox=\"yes\" data-elementor-lightbox-slideshow=\"5a40c40\" data-elementor-lightbox-title=\"20170215_normcore_sari_srgb_72dpi_1280px\" data-e-action-hash=\"#elementor-action%3Aaction%3Dlightbox%26settings%3DeyJpZCI6NzU3LCJ1cmwiOiJodHRwczpcL1wvbm9ybWNvcmUubW9tZS5odVwvc2l0ZVwvd3AtY29udGVudFwvdXBsb2Fkc1wvMjAxOVwvMDFcLzIwMTcwMjE1X25vcm1jb3JlX3Nhcmlfc3JnYl83MmRwaV8xMjgwcHguanBnIiwic2xpZGVzaG93IjoiNWE0MGM0MCJ9\" href=\"https:\/\/normcore.mome.hu\/site\/wp-content\/uploads\/2019\/01\/20170215_normcore_sari_srgb_72dpi_1280px.jpg\"><figure class=\"swiper-slide-inner\"><img decoding=\"async\" class=\"swiper-slide-image\" src=\"https:\/\/normcore.mome.hu\/site\/wp-content\/uploads\/2019\/01\/20170215_normcore_sari_srgb_72dpi_1280px.jpg\" alt=\"20170215_normcore_sari_srgb_72dpi_1280px\" \/><\/figure><\/a><\/div><div class=\"swiper-slide\" role=\"group\" aria-roledescription=\"slide\" aria-label=\"3 of 5\"><a data-elementor-open-lightbox=\"yes\" data-elementor-lightbox-slideshow=\"5a40c40\" data-elementor-lightbox-title=\"20170223_normcore_reka_2_srgb_72dpi_1280px\" data-e-action-hash=\"#elementor-action%3Aaction%3Dlightbox%26settings%3DeyJpZCI6NzU5LCJ1cmwiOiJodHRwczpcL1wvbm9ybWNvcmUubW9tZS5odVwvc2l0ZVwvd3AtY29udGVudFwvdXBsb2Fkc1wvMjAxOVwvMDFcLzIwMTcwMjIzX25vcm1jb3JlX3Jla2FfMl9zcmdiXzcyZHBpXzEyODBweC5qcGciLCJzbGlkZXNob3ciOiI1YTQwYzQwIn0%3D\" href=\"https:\/\/normcore.mome.hu\/site\/wp-content\/uploads\/2019\/01\/20170223_normcore_reka_2_srgb_72dpi_1280px.jpg\"><figure class=\"swiper-slide-inner\"><img decoding=\"async\" class=\"swiper-slide-image\" src=\"https:\/\/normcore.mome.hu\/site\/wp-content\/uploads\/2019\/01\/20170223_normcore_reka_2_srgb_72dpi_1280px.jpg\" alt=\"20170223_normcore_reka_2_srgb_72dpi_1280px\" \/><\/figure><\/a><\/div><div class=\"swiper-slide\" role=\"group\" aria-roledescription=\"slide\" aria-label=\"4 of 5\"><a data-elementor-open-lightbox=\"yes\" data-elementor-lightbox-slideshow=\"5a40c40\" data-elementor-lightbox-title=\"20170215_normcore_bori_2_srgb_72dpi_1280px\" data-e-action-hash=\"#elementor-action%3Aaction%3Dlightbox%26settings%3DeyJpZCI6NzYxLCJ1cmwiOiJodHRwczpcL1wvbm9ybWNvcmUubW9tZS5odVwvc2l0ZVwvd3AtY29udGVudFwvdXBsb2Fkc1wvMjAxOVwvMDFcLzIwMTcwMjE1X25vcm1jb3JlX2JvcmlfMl9zcmdiXzcyZHBpXzEyODBweC5qcGciLCJzbGlkZXNob3ciOiI1YTQwYzQwIn0%3D\" href=\"https:\/\/normcore.mome.hu\/site\/wp-content\/uploads\/2019\/01\/20170215_normcore_bori_2_srgb_72dpi_1280px.jpg\"><figure class=\"swiper-slide-inner\"><img decoding=\"async\" class=\"swiper-slide-image\" src=\"https:\/\/normcore.mome.hu\/site\/wp-content\/uploads\/2019\/01\/20170215_normcore_bori_2_srgb_72dpi_1280px.jpg\" alt=\"20170215_normcore_bori_2_srgb_72dpi_1280px\" \/><\/figure><\/a><\/div><div class=\"swiper-slide\" role=\"group\" aria-roledescription=\"slide\" aria-label=\"5 of 5\"><a data-elementor-open-lightbox=\"yes\" data-elementor-lightbox-slideshow=\"5a40c40\" data-elementor-lightbox-title=\"20170215_normcore_gabi_srgb_72dpi_1280px\" data-e-action-hash=\"#elementor-action%3Aaction%3Dlightbox%26settings%3DeyJpZCI6NzU0LCJ1cmwiOiJodHRwczpcL1wvbm9ybWNvcmUubW9tZS5odVwvc2l0ZVwvd3AtY29udGVudFwvdXBsb2Fkc1wvMjAxOVwvMDFcLzIwMTcwMjE1X25vcm1jb3JlX2dhYmlfc3JnYl83MmRwaV8xMjgwcHguanBnIiwic2xpZGVzaG93IjoiNWE0MGM0MCJ9\" href=\"https:\/\/normcore.mome.hu\/site\/wp-content\/uploads\/2019\/01\/20170215_normcore_gabi_srgb_72dpi_1280px.jpg\"><figure class=\"swiper-slide-inner\"><img decoding=\"async\" class=\"swiper-slide-image\" src=\"https:\/\/normcore.mome.hu\/site\/wp-content\/uploads\/2019\/01\/20170215_normcore_gabi_srgb_72dpi_1280px.jpg\" alt=\"20170215_normcore_gabi_srgb_72dpi_1280px\" \/><\/figure><\/a><\/div>\t\t\t<\/div>\n\t\t\t\t\t\t\t\t\t\t\t\t<div class=\"elementor-swiper-button elementor-swiper-button-prev\" role=\"button\" tabindex=\"0\">\n\t\t\t\t\t\t<i aria-hidden=\"true\" class=\"eicon-chevron-left\"><\/i>\t\t\t\t\t<\/div>\n\t\t\t\t\t<div class=\"elementor-swiper-button elementor-swiper-button-next\" role=\"button\" tabindex=\"0\">\n\t\t\t\t\t\t<i aria-hidden=\"true\" class=\"eicon-chevron-right\"><\/i>\t\t\t\t\t<\/div>\n\t\t\t\t\n\t\t\t\t\t\t\t\t\t<div class=\"swiper-pagination\"><\/div>\n\t\t\t\t\t\t\t\t\t<\/div>\n\t\t\t\t<\/div>\n\t\t\t\t<\/div>\n\t\t\t\t\t<\/div>\n\t\t<\/div>\n\t\t\t\t\t<\/div>\n\t\t<\/section>\n\t\t\t\t<section class=\"elementor-section elementor-top-section elementor-element elementor-element-c79288a elementor-section-boxed elementor-section-height-default elementor-section-height-default\" data-id=\"c79288a\" data-element_type=\"section\">\n\t\t\t\t\t\t<div class=\"elementor-container elementor-column-gap-default\">\n\t\t\t\t\t<div class=\"elementor-column elementor-col-100 elementor-top-column elementor-element elementor-element-ade3afa\" data-id=\"ade3afa\" data-element_type=\"column\">\n\t\t\t<div class=\"elementor-widget-wrap elementor-element-populated\">\n\t\t\t\t\t\t<div class=\"elementor-element elementor-element-29c4562 elementor-widget elementor-widget-spacer\" data-id=\"29c4562\" data-element_type=\"widget\" data-widget_type=\"spacer.default\">\n\t\t\t\t<div class=\"elementor-widget-container\">\n\t\t\t\t\t<div class=\"elementor-spacer\">\n\t\t\t<div class=\"elementor-spacer-inner\"><\/div>\n\t\t<\/div>\n\t\t\t\t<\/div>\n\t\t\t\t<\/div>\n\t\t\t\t\t<\/div>\n\t\t<\/div>\n\t\t\t\t\t<\/div>\n\t\t<\/section>\n\t\t\t\t<section class=\"elementor-section elementor-top-section elementor-element elementor-element-2bde098 elementor-section-boxed elementor-section-height-default elementor-section-height-default\" data-id=\"2bde098\" data-element_type=\"section\">\n\t\t\t\t\t\t<div class=\"elementor-container elementor-column-gap-default\">\n\t\t\t\t\t<div class=\"elementor-column elementor-col-50 elementor-top-column elementor-element elementor-element-90bd7f8\" data-id=\"90bd7f8\" data-element_type=\"column\">\n\t\t\t<div class=\"elementor-widget-wrap elementor-element-populated\">\n\t\t\t\t\t\t<div class=\"elementor-element elementor-element-3ed4a0e elementor-widget elementor-widget-heading\" data-id=\"3ed4a0e\" data-element_type=\"widget\" data-widget_type=\"heading.default\">\n\t\t\t\t<div class=\"elementor-widget-container\">\n\t\t\t<h1 class=\"elementor-heading-title elementor-size-default\">About the exhibition<\/h1>\t\t<\/div>\n\t\t\t\t<\/div>\n\t\t\t\t<div class=\"elementor-element elementor-element-6a098f0 elementor-widget elementor-widget-spacer\" data-id=\"6a098f0\" data-element_type=\"widget\" data-widget_type=\"spacer.default\">\n\t\t\t\t<div class=\"elementor-widget-container\">\n\t\t\t\t\t<div class=\"elementor-spacer\">\n\t\t\t<div class=\"elementor-spacer-inner\"><\/div>\n\t\t<\/div>\n\t\t\t\t<\/div>\n\t\t\t\t<\/div>\n\t\t\t\t<div class=\"elementor-element elementor-element-b27df7d elementor-drop-cap-yes elementor-drop-cap-view-default elementor-widget elementor-widget-text-editor\" data-id=\"b27df7d\" data-element_type=\"widget\" data-settings=\"{&quot;drop_cap&quot;:&quot;yes&quot;}\" data-widget_type=\"text-editor.default\">\n\t\t\t\t<div class=\"elementor-widget-container\">\n\t\t\t\t\t\t\t<p>NORMCORE \u2013 Design for disability culture showcases clothes made for people living with disabilities. The works have been produced within the educational framework of Moholy-Nagy University of Art and Design. The incubator for the design and the documented process displayed at the exhibition has been the TransferLab, one of the research labs of the University, that considers the strengthening of social visibility and support for the disabled to be one of its primary aims.<\/p><p>We borrowed the term Normcore from contemporary fashion theory, which describes the toolkit for an excessively simple, and extremely \u201cnormal\u201d way of dressing. This concept is a perfect point of departure for examining what questions are worth asking about our relationship with normality. Does a normal body exist? What is normal? What is our responsibility in the formation of these concepts in society? Fashion design undoubtedly has an immense role and communicative potential in shaping this dialogue.<\/p><p>The idealistic, healthy body prototype is only a social construct, which deems disability a quality other than normal. Disability, however, is not an illness, but a condition, mostly due to the violation of the right to participate in social roles. We experience disability when we face a temporary or an elderly physical state and are deprived from the benefits that members of society are entitled to. These situations are often caused by the constructed environment, thus are the consequences of human decisions. Among many, one of these responsible decisions is fashion design.<\/p><p>The exhibition displays designs which have been created for and in active collaboration with the affected. While the clothes fitted for women living with a limb deficiency or for a wheelchair user are completely functional and wearable pieces, they are at the same time carriers of social constructs, which prompt our prejudices regarding disability to be re-evaluated. The exhibited fashion photographs portraying affected models, aim to show what happens when fashion design meets real needs, and communicates with meaningful gestures about the person wearing the piece of clothing. The photos are accompanied by sketches, video interviews, statements from the creators in order to give a well-rounded picture about the design process.<\/p>\t\t\t\t\t\t<\/div>\n\t\t\t\t<\/div>\n\t\t\t\t\t<\/div>\n\t\t<\/div>\n\t\t\t\t<div class=\"elementor-column elementor-col-50 elementor-top-column elementor-element elementor-element-7bd6ab1\" data-id=\"7bd6ab1\" data-element_type=\"column\">\n\t\t\t<div class=\"elementor-widget-wrap elementor-element-populated\">\n\t\t\t\t\t\t<div class=\"elementor-element elementor-element-2927845 elementor-widget elementor-widget-spacer\" data-id=\"2927845\" data-element_type=\"widget\" data-widget_type=\"spacer.default\">\n\t\t\t\t<div class=\"elementor-widget-container\">\n\t\t\t\t\t<div class=\"elementor-spacer\">\n\t\t\t<div class=\"elementor-spacer-inner\"><\/div>\n\t\t<\/div>\n\t\t\t\t<\/div>\n\t\t\t\t<\/div>\n\t\t\t\t<div class=\"elementor-element elementor-element-3657e99 elementor-widget elementor-widget-text-editor\" data-id=\"3657e99\" data-element_type=\"widget\" data-widget_type=\"text-editor.default\">\n\t\t\t\t<div class=\"elementor-widget-container\">\n\t\t\t\t\t\t\t<h3 style=\"color: #0000ff;\">Normcore<\/h3><p>The way we dress is a constant reflection of what we deem important to say about ourselves. Occasionally, however, we wish to step out of this field of created constructs and wear clothes that do not carry any additional meaning. Clothes that are devoid of extra layers of meaning and emphasise pure practicality. In contemporary fashion, this trend is labelled normcore (combining the words normal and hardcore) and refers to the excessively \u201cnormal\u201d set of clothing.<\/p>\t\t\t\t\t\t<\/div>\n\t\t\t\t<\/div>\n\t\t\t\t\t<\/div>\n\t\t<\/div>\n\t\t\t\t\t<\/div>\n\t\t<\/section>\n\t\t\t\t<section class=\"elementor-section elementor-top-section elementor-element elementor-element-5d6ff28 elementor-section-boxed elementor-section-height-default elementor-section-height-default\" data-id=\"5d6ff28\" data-element_type=\"section\">\n\t\t\t\t\t\t<div class=\"elementor-container elementor-column-gap-default\">\n\t\t\t\t\t<div class=\"elementor-column elementor-col-100 elementor-top-column elementor-element elementor-element-3e99baf\" data-id=\"3e99baf\" data-element_type=\"column\">\n\t\t\t<div class=\"elementor-widget-wrap elementor-element-populated\">\n\t\t\t\t\t\t<div class=\"elementor-element elementor-element-e276b66 elementor-widget elementor-widget-spacer\" data-id=\"e276b66\" data-element_type=\"widget\" data-widget_type=\"spacer.default\">\n\t\t\t\t<div class=\"elementor-widget-container\">\n\t\t\t\t\t<div class=\"elementor-spacer\">\n\t\t\t<div class=\"elementor-spacer-inner\"><\/div>\n\t\t<\/div>\n\t\t\t\t<\/div>\n\t\t\t\t<\/div>\n\t\t\t\t\t<\/div>\n\t\t<\/div>\n\t\t\t\t\t<\/div>\n\t\t<\/section>\n\t\t\t\t<section class=\"elementor-section elementor-top-section elementor-element elementor-element-8e63961 elementor-section-boxed elementor-section-height-default elementor-section-height-default\" data-id=\"8e63961\" data-element_type=\"section\">\n\t\t\t\t\t\t<div class=\"elementor-container elementor-column-gap-default\">\n\t\t\t\t\t<div class=\"elementor-column elementor-col-100 elementor-top-column elementor-element elementor-element-e7869de\" data-id=\"e7869de\" data-element_type=\"column\">\n\t\t\t<div class=\"elementor-widget-wrap elementor-element-populated\">\n\t\t\t\t\t\t<div class=\"elementor-element elementor-element-4249d49 elementor-widget elementor-widget-heading\" data-id=\"4249d49\" data-element_type=\"widget\" data-widget_type=\"heading.default\">\n\t\t\t\t<div class=\"elementor-widget-container\">\n\t\t\t<h3 class=\"elementor-heading-title elementor-size-default\">List of participants<\/h3>\t\t<\/div>\n\t\t\t\t<\/div>\n\t\t\t\t<div class=\"elementor-element elementor-element-9590ed9 elementor-widget elementor-widget-spacer\" data-id=\"9590ed9\" data-element_type=\"widget\" data-widget_type=\"spacer.default\">\n\t\t\t\t<div class=\"elementor-widget-container\">\n\t\t\t\t\t<div class=\"elementor-spacer\">\n\t\t\t<div class=\"elementor-spacer-inner\"><\/div>\n\t\t<\/div>\n\t\t\t\t<\/div>\n\t\t\t\t<\/div>\n\t\t\t\t\t<\/div>\n\t\t<\/div>\n\t\t\t\t\t<\/div>\n\t\t<\/section>\n\t\t\t\t<section class=\"elementor-section elementor-top-section elementor-element elementor-element-12679a8 elementor-section-boxed elementor-section-height-default elementor-section-height-default\" data-id=\"12679a8\" data-element_type=\"section\" data-settings=\"{&quot;background_background&quot;:&quot;classic&quot;}\">\n\t\t\t\t\t\t<div class=\"elementor-container elementor-column-gap-default\">\n\t\t\t\t\t<div class=\"elementor-column elementor-col-33 elementor-top-column elementor-element elementor-element-0bdbcaa\" data-id=\"0bdbcaa\" data-element_type=\"column\">\n\t\t\t<div class=\"elementor-widget-wrap elementor-element-populated\">\n\t\t\t\t\t\t<div class=\"elementor-element elementor-element-4c28962 elementor-widget elementor-widget-text-editor\" data-id=\"4c28962\" data-element_type=\"widget\" data-widget_type=\"text-editor.default\">\n\t\t\t\t<div class=\"elementor-widget-container\">\n\t\t\t\t\t\t\t<h4>FASHION DESIGNERS<\/h4><p>Gy\u00f6r\u00f6k Borb\u00e1la, Nagy Adrienna<\/p><p>L\u00e9vai Zs\u00f3fia, Zepk\u00f3 Ferenc<\/p><p>P\u00e1zm\u00e1ny Lili<\/p><p>T\u00f6r\u00f6k Anna, Vass Csenge<\/p><h4>PHOTOGRAPHERS<\/h4><p>Andristy\u00e1k Marcell<\/p><p>B\u00e1n Andr\u00e1s<\/p><p>Kov\u00e1cs Krist\u00f3f<\/p><p>Liter Zs\u00f3fia<\/p><p>Makl\u00e1ry M\u00e1t\u00e9<\/p><h4>MODELS<\/h4><p>Enyingi S\u00e1ra Borb\u00e1la<\/p><p>Ivicsics Borb\u00e1la<\/p><p>Lukoviczki R\u00e9ka<\/p><p>P\u00e1zm\u00e1ny Gabriella<\/p><p>Szabados Luca<\/p><h4>MAKEUP ARTIST<\/h4><p>Keser\u0171 Barbara<\/p><h4>HAIR STYLISTS<\/h4><p>Kintli G\u00e1bor<\/p><p>Kov\u00e1cs Temudzsin Alex (Hairmate)<\/p>\t\t\t\t\t\t<\/div>\n\t\t\t\t<\/div>\n\t\t\t\t\t<\/div>\n\t\t<\/div>\n\t\t\t\t<div class=\"elementor-column elementor-col-33 elementor-top-column elementor-element elementor-element-512a720\" data-id=\"512a720\" data-element_type=\"column\">\n\t\t\t<div class=\"elementor-widget-wrap elementor-element-populated\">\n\t\t\t\t\t\t<div class=\"elementor-element elementor-element-e9fc142 elementor-widget elementor-widget-text-editor\" data-id=\"e9fc142\" data-element_type=\"widget\" data-widget_type=\"text-editor.default\">\n\t\t\t\t<div class=\"elementor-widget-container\">\n\t\t\t\t\t\t\t<h4>TUTORS<\/h4><p>Dobi D\u00f3ra<\/p><p>Fazakas P\u00e9ter<\/p><p>Harmati Hedvig<\/p><p>Mer\u00e9nyi Zita<\/p><p>Szirtes J\u00e1nos<\/p><p>Vargha Bal\u00e1zs<\/p><p>Veres B\u00e1lint<\/p><h4>GRAPHIC DESIGNERS<\/h4><p>Alm\u00e1ssy D\u00e1niel Dom\u00e1n<\/p><p>Cs\u00e9falvay Fanny<\/p><p>Lajos Di\u00e1na<\/p><p>R\u00f3th Barnab\u00e1s<\/p><p>V\u00e1gv\u00f6lgyi No\u00e9mi Anna<\/p><h4>VIDEOGRAPHERS<\/h4><p>Csige M\u00e1rta<\/p><p>Liter Zs\u00f3fia<\/p><p>Z\u00e1szl\u00f3s Mariann<\/p><h4>WEB<\/h4><p>R\u00f3th Barnab\u00e1s<\/p><h4>ART DIRECTOR<\/h4><p>V\u00e1gv\u00f6lgyi No\u00e9mi Anna<\/p>\t\t\t\t\t\t<\/div>\n\t\t\t\t<\/div>\n\t\t\t\t\t<\/div>\n\t\t<\/div>\n\t\t\t\t<div class=\"elementor-column elementor-col-33 elementor-top-column elementor-element elementor-element-b344cdf\" data-id=\"b344cdf\" data-element_type=\"column\">\n\t\t\t<div class=\"elementor-widget-wrap elementor-element-populated\">\n\t\t\t\t\t\t<div class=\"elementor-element elementor-element-f9eb319 elementor-widget elementor-widget-text-editor\" data-id=\"f9eb319\" data-element_type=\"widget\" data-widget_type=\"text-editor.default\">\n\t\t\t\t<div class=\"elementor-widget-container\">\n\t\t\t\t\t\t\t<h4>CURATORS<\/h4><p>Dobi D\u00f3ra<\/p><p>Mih\u00e1ly Kamilla<\/p><p>Veres B\u00e1lint<\/p><h4>MANAGEMENT<\/h4><p>Alscher Bettina<\/p><h4>COMMUNICATION<\/h4><p>MOME Brand Iroda<\/p><p>Labowsky kreat\u00edv kommunik\u00e1ci\u00f3s \u00fcgyn\u00f6ks\u00e9g<\/p><h4>SUPPORTERS<\/h4><p>Allee Bev\u00e1s\u00e1rl\u00f3k\u00f6zpont<\/p><p>Hello Wood<\/p><p>Makerspace.hu digit\u00e1lis alkot\u00f3m\u0171hely<\/p><p>Moholy-Nagy M\u0171v\u00e9szeti Egyetem<\/p><p>MOME TransferLab<\/p><p>Nemzeti Kultur\u00e1lis Alap<\/p><p>Ottobock<\/p><p>Tripont fot\u00f3technikai szak\u00fczlet<\/p><h4>PARTNERS<\/h4><p>\u00c9l\u0151 K\u00f6nyvt\u00e1r<\/p><p>Labowsky kreat\u00edv kommunik\u00e1ci\u00f3s \u00fcgyn\u00f6ks\u00e9g<\/p>\t\t\t\t\t\t<\/div>\n\t\t\t\t<\/div>\n\t\t\t\t\t<\/div>\n\t\t<\/div>\n\t\t\t\t\t<\/div>\n\t\t<\/section>\n\t\t\t\t<section class=\"elementor-section elementor-top-section elementor-element elementor-element-19adc2a elementor-section-boxed elementor-section-height-default elementor-section-height-default\" data-id=\"19adc2a\" data-element_type=\"section\">\n\t\t\t\t\t\t<div class=\"elementor-container elementor-column-gap-default\">\n\t\t\t\t\t<div class=\"elementor-column elementor-col-100 elementor-top-column elementor-element elementor-element-bb92f6c\" data-id=\"bb92f6c\" data-element_type=\"column\">\n\t\t\t<div class=\"elementor-widget-wrap elementor-element-populated\">\n\t\t\t\t\t\t<div class=\"elementor-element elementor-element-d10e3b2 elementor-widget elementor-widget-spacer\" data-id=\"d10e3b2\" data-element_type=\"widget\" data-widget_type=\"spacer.default\">\n\t\t\t\t<div class=\"elementor-widget-container\">\n\t\t\t\t\t<div class=\"elementor-spacer\">\n\t\t\t<div class=\"elementor-spacer-inner\"><\/div>\n\t\t<\/div>\n\t\t\t\t<\/div>\n\t\t\t\t<\/div>\n\t\t\t\t<div class=\"elementor-element elementor-element-a02f3c0 elementor-widget elementor-widget-image\" data-id=\"a02f3c0\" data-element_type=\"widget\" data-widget_type=\"image.default\">\n\t\t\t\t<div class=\"elementor-widget-container\">\n\t\t\t\t\t\t\t\t\t\t\t\t\t<img fetchpriority=\"high\" decoding=\"async\" width=\"1024\" height=\"331\" src=\"https:\/\/normcore.mome.hu\/site\/wp-content\/uploads\/2018\/06\/logok_egyben_allo_tiny.jpg\" class=\"attachment-large size-large wp-image-511\" alt=\"Partner: Nemzeti Kultur\u00e1lis Alap, Allee Bev\u00e1s\u00e1rl\u00f3k\u00f6zpont, Tripont, Moholy-Nagy M\u0171v\u00e9szeti Egyetem, Mome Transferlab\" \/>\t\t\t\t\t\t\t\t\t\t\t\t\t<\/div>\n\t\t\t\t<\/div>\n\t\t\t\t\t<\/div>\n\t\t<\/div>\n\t\t\t\t\t<\/div>\n\t\t<\/section>\n\t\t\t\t<section class=\"elementor-section elementor-top-section elementor-element elementor-element-02abacd elementor-section-boxed elementor-section-height-default elementor-section-height-default\" data-id=\"02abacd\" data-element_type=\"section\">\n\t\t\t\t\t\t<div class=\"elementor-container elementor-column-gap-default\">\n\t\t\t\t\t<div class=\"elementor-column elementor-col-100 elementor-top-column elementor-element elementor-element-4076ab6\" data-id=\"4076ab6\" data-element_type=\"column\">\n\t\t\t<div class=\"elementor-widget-wrap elementor-element-populated\">\n\t\t\t\t\t\t<div class=\"elementor-element elementor-element-5060a11 elementor-widget elementor-widget-spacer\" data-id=\"5060a11\" data-element_type=\"widget\" data-widget_type=\"spacer.default\">\n\t\t\t\t<div class=\"elementor-widget-container\">\n\t\t\t\t\t<div class=\"elementor-spacer\">\n\t\t\t<div class=\"elementor-spacer-inner\"><\/div>\n\t\t<\/div>\n\t\t\t\t<\/div>\n\t\t\t\t<\/div>\n\t\t\t\t\t<\/div>\n\t\t<\/div>\n\t\t\t\t\t<\/div>\n\t\t<\/section>\n\t\t\t\t<\/div>\n\t\t","protected":false},"excerpt":{"rendered":"<p>Previous Next About the exhibition NORMCORE \u2013 Design for disability culture showcases clothes made for people living with disabilities. The works have been produced within the educational framework of Moholy-Nagy University of Art and Design. The incubator for the design and the documented process displayed at the exhibition has been the TransferLab, one of the [&hellip;]<\/p>\n","protected":false},"author":1,"featured_media":0,"parent":0,"menu_order":0,"comment_status":"closed","ping_status":"closed","template":"","meta":{"inline_featured_image":false,"site-sidebar-layout":"no-sidebar","site-content-layout":"page-builder","ast-site-content-layout":"default","site-content-style":"default","site-sidebar-style":"default","ast-global-header-display":"","ast-banner-title-visibility":"","ast-main-header-display":"","ast-hfb-above-header-display":"","ast-hfb-below-header-display":"","ast-hfb-mobile-header-display":"","site-post-title":"disabled","ast-breadcrumbs-content":"","ast-featured-img":"","footer-sml-layout":"","ast-disable-related-posts":"","theme-transparent-header-meta":"default","adv-header-id-meta":"","stick-header-meta":"","header-above-stick-meta":"","header-main-stick-meta":"","header-below-stick-meta":"","astra-migrate-meta-layouts":"default","ast-page-background-enabled":"default","ast-page-background-meta":{"desktop":{"background-color":"","background-image":"","background-repeat":"repeat","background-position":"center center","background-size":"auto","background-attachment":"scroll","background-type":"","background-media":"","overlay-type":"","overlay-color":"","overlay-opacity":"","overlay-gradient":""},"tablet":{"background-color":"","background-image":"","background-repeat":"repeat","background-position":"center center","background-size":"auto","background-attachment":"scroll","background-type":"","background-media":"","overlay-type":"","overlay-color":"","overlay-opacity":"","overlay-gradient":""},"mobile":{"background-color":"","background-image":"","background-repeat":"repeat","background-position":"center center","background-size":"auto","background-attachment":"scroll","background-type":"","background-media":"","overlay-type":"","overlay-color":"","overlay-opacity":"","overlay-gradient":""}},"ast-content-background-meta":{"desktop":{"background-color":"var(--ast-global-color-5)","background-image":"","background-repeat":"repeat","background-position":"center center","background-size":"auto","background-attachment":"scroll","background-type":"","background-media":"","overlay-type":"","overlay-color":"","overlay-opacity":"","overlay-gradient":""},"tablet":{"background-color":"var(--ast-global-color-5)","background-image":"","background-repeat":"repeat","background-position":"center center","background-size":"auto","background-attachment":"scroll","background-type":"","background-media":"","overlay-type":"","overlay-color":"","overlay-opacity":"","overlay-gradient":""},"mobile":{"background-color":"var(--ast-global-color-5)","background-image":"","background-repeat":"repeat","background-position":"center center","background-size":"auto","background-attachment":"scroll","background-type":"","background-media":"","overlay-type":"","overlay-color":"","overlay-opacity":"","overlay-gradient":""}},"footnotes":""},"class_list":["post-564","page","type-page","status-publish","hentry"],"_links":{"self":[{"href":"https:\/\/normcore.mome.hu\/site\/wp-json\/wp\/v2\/pages\/564","targetHints":{"allow":["GET"]}}],"collection":[{"href":"https:\/\/normcore.mome.hu\/site\/wp-json\/wp\/v2\/pages"}],"about":[{"href":"https:\/\/normcore.mome.hu\/site\/wp-json\/wp\/v2\/types\/page"}],"author":[{"embeddable":true,"href":"https:\/\/normcore.mome.hu\/site\/wp-json\/wp\/v2\/users\/1"}],"replies":[{"embeddable":true,"href":"https:\/\/normcore.mome.hu\/site\/wp-json\/wp\/v2\/comments?post=564"}],"version-history":[{"count":29,"href":"https:\/\/normcore.mome.hu\/site\/wp-json\/wp\/v2\/pages\/564\/revisions"}],"predecessor-version":[{"id":1018,"href":"https:\/\/normcore.mome.hu\/site\/wp-json\/wp\/v2\/pages\/564\/revisions\/1018"}],"wp:attachment":[{"href":"https:\/\/normcore.mome.hu\/site\/wp-json\/wp\/v2\/media?parent=564"}],"curies":[{"name":"wp","href":"https:\/\/api.w.org\/{rel}","templated":true}]}}